*x**2 - x - x**3 - 8. Calculate z(-5).
2
Let c(k) = -3*k**3 - 7*k**2 + 8*k + 2. Let x(n) = -10*n**3 - 21*n**2 + 24*n + 7. Let d(b) = 7*c(b) - 2*x(b). Determine d(-8).
0
Let i(h) = -h. Let u(x) = -3*x**2 - 2*x - 2. Let b(z) = 2*i(z) - u(z). Let l(o) be the first derivative of b(o). Let p be 1/(-2) - 12/(-8). What is l(p)?
6
Suppose -3*m = -5*c + 27, -5*m = -c + 12 + 11. Let i(y) be the third derivative of -y**5/60 - y**4/4 - y**3/2 + 2*y**2 - 34*y. Give i(m).
5
Let y(o) = o - 14. Let w(h) = -h + 18. Let j(r) = -5*w(r) - 6*y(r). Determine j(-11).
5
Let q(r) = r**2 + 4. Let n be 41/4 - (-4)/(-16). Suppose 0 = 3*z + 1 - n. Determine q(z).
13
Let x(m) = -m**3 - 6*m**2 + 5*m - 4. Suppose 5*z = -5*b + 40, 3*z + 18 = 6*b - 2*b. Let y = 38 - 28. Suppose 0 = -b*p - 52 + y. Give x(p).
10
Let o(w) = -w**3 - w + 5. Let b be o(0). Let f(u) be the third derivative of 23*u**2 + 1/60*u**5 + 0 - 5/24*u**4 + 0*u - 1/3*u**3. What is f(b)?
-2
Let z(b) be the first derivative of -b**4/4 - b**3/3 + 2*b**2 + 3*b + 12. Let x(y) = 2*y**2 - 9*y + 2. Let g be x(4). Determine z(g).
-1
Let a(m) be the first derivative of -1/2*m**2 - m**3 + 13 - 1/4*m**4 + 2*m. Give a(-2).
0
Let y(f) = -13*f**3 - 10*f**2 + 8*f + 1. Let q(c) = -12*c**3 - 8*c**2 + 6*c + 1. Let v(w) = 4*q(w) - 3*y(w). Determine v(-1).
8
Let x(t) = t**3 + 2*t**2 - 4*t - 1. Suppose -3*n + 2*f + 21 = 0, 3*f = 5*n - 0*n - 34. Let o be 34/9 - 2*(-1)/9. Suppose -17 = o*j - n. Give x(j).
2
Let g(a) be the second derivative of -7/6*a**3 + 0 - 1/6*a**4 - 39*a - 5/2*a**2. What is g(-4)?
-9
Let r(f) = -f**3 + 7*f**2 - f + 5. Let j(i) = -i**3 - 19*i**2 + i + 26. Let b be j(-19). Give r(b).
-2
Let j be 4/22 + (-2415)/759. Let l(z) = -5*z - 4*z**3 - 4*z**2 + 0 - 2 + 3*z**3. What is l(j)?
4
Let l(k) = 2*k**2 - 1. Let m(v) = v**3 + 13*v**2 + v + 15. Let a be m(-13). Suppose b - 4 = a*n, 2*b + 4*n + 3 = 11. Let i be (-3)/b + (-2)/8. What is l(i)?
1
Suppose s + 5 = 1. Let h(l) = -3*l - 12. Let w(m) = -2*m - 12. Let k(g) = s*w(g) + 3*h(g). Calculate k(6).
6
Let t be 1/4 - 75/(-4). Suppose 5*x + h = 3*x + 7, 4*x + h - t = 0. Let f(g) = 0*g - 4 - 9*g + 9 + 0 + g**2. Give f(x).
-13
Let y(o) = -18*o**2 + 8*o + 19. Let k(m) = -13*m**2 + 5*m + 13. Let u(d) = -7*k(d) + 5*y(d). Determine u(-4).
0
Suppose -4*t = 5*n + 4, 0 = 3*n + 13 - 1. Let s(m) = -8*m + 2. Let f(j) = j. Let k(z) = -6*f(z) - s(z). Give k(t).
6
Let s(d) be the first derivative of -3*d**2/2 - 6*d + 91. Determine s(7).
-27
Suppose 5*g = 2*n - 25, -5*n + 5 = -n - g. Suppose m - 19 + 1 = n. Suppose -5*l = -8*l + m. Let i(v) = -v**3 + 7*v**2 - 6*v - 2. What is i(l)?
-2
Let o(v) = -v**2 - 3*v - 4. Let l = -5 - -5. Let m be 18/3 + -2 - l. Suppose -2*t - 7 = 5*u - m, -2*u = 5*t + 18. What is o(t)?
-8
Let w(p) = -16*p + 21. Let q(b) = 3*b - 4. Let r(h) = 11*q(h) + 2*w(h). Calculate r(11).
9
Let i = 34 - 25. Let y(b) = -5*b - 5*b + 1 + 8*b**2 + 10*b**3 - i*b**3. Determine y(-9).
10
Let v(o) be the second derivative of -o**4/12 + 3*o**3 - 29*o**2/2 + 60*o. Give v(16).
3
Let y(x) be the first derivative of x**3/2 + 2*x**2 + 5*x + 15. Let l(z) be the first derivative of y(z). Determine l(-3).
-5
Let u = -17 - -21. Let z = u - 4. Suppose -4*p = -2*b - z*p - 4, p + 8 = 2*b. Let f(o) = o**3 - 7*o**2 + 7*o + 3. What is f(b)?
9
Let d be (2 + -4)*(1 + -2)/2. Let g(c) = 46*c**3 + 1. Calculate g(d).
47
Suppose 0 = 2*z - 4 + 18. Let w(k) be the first derivative of k**3/3 + 4*k**2 - 3*k + 2. Calculate w(z).
-10
Let a(q) = 3*q**3 + q**2 - 2*q - 2. Let r(k) = -k**3 - 17*k**2 - 27*k + 44. Let j be r(-15). Calculate a(j).
-2
Let c(z) = z**2 - 2. Suppose -3*s + 40 = 2*s. Let n = 10 - s. Give c(n).
2
Let w be (-777)/(-74)*(-3)/(18/4). Let b be (-1 + 3)/(6 + -4). Let z(m) = 3*m**3 - 7*m**2 + m - 3. Let g(t) = t**3. Let s(f) = b*z(f) - 4*g(f). Calculate s(w).
-10
Let p = 124 + -120. Suppose -3*g = -5*k - 8, -p*k - 6 = -2. Let y(m) = 7*m**3 + 2*m**2 - 2*m + 1. Give y(g).
8
Suppose -2*j = -7*j + 40. Let g(y) = -4*y**2 + 6*y + 1. Let r(a) = 11*a**2 - 17*a - 3. Let b(m) = j*g(m) + 3*r(m). Give b(4).
3
Let z(q) = -10*q**3 + 0*q + q - q**2 - q**2. Suppose 5*s + 70 - 70 = 0. Suppose o + 1 = 2*b - 0, -b + o = s. Determine z(b).
-11
Suppose 0 = 5*m + 30 - 40. Let o(j) = 1 + 6*j + 0 + 3. Let r(d) = 2*d + 1. Let i(l) = m*o(l) - 7*r(l). Give i(6).
-11
Let p = -31 + 2. Let w = p - -51. Suppose -4*m = 12, 2*l - m = 7*l - w. Let b(j) = -j - 4. What is b(l)?
-9
Let g(h) = -6*h**3 + h + 1. Let y(k) = 65*k - 32*k - 34*k - 2*k**2. Let d be y(-1). Determine g(d).
6
Let w(q) = 11*q - 6. Suppose -5*b = -0*b + z - 34, -2*b - 2*z + 12 = 0. What is w(b)?
71
Let b(i) = -i**3 - 19*i**2 - 18*i - 6. Let h(m) = 2*m - 18. Let o be h(0). Give b(o).
-6
Let r = 1396 + -1398. Let g(h) = -4*h**3 + 2*h**2 - h + 1. Give g(r).
43
Let k(o) = -64 + 1 + o**3 + o + 59 + 3*o**2. Let s be (-14)/(-18) - (-2)/9. Suppose s = -m - 2. Calculate k(m).
-7
Let v(m) = m**3 + 14*m**2 + 12*m - 13. Let g be v(-13). Let y(a) be the first derivative of 1/3*a**3 + 15*a + 0*a**2 - 3 - 1/4*a**4. Calculate y(g).
15
Let o(x) = 42 + 29 - x - 84. Calculate o(0).
-13
Let z(h) = h**3 + h**2 - 1. Let o(v) be the first derivative of v**4/4 + 7*v**3/3 - 3*v**2/2 - 7*v + 12. Let c(a) = o(a) - 2*z(a). What is c(4)?
-1
Let r(y) = -10*y + 1. Let l be r(0). Let q be (-9)/(-5) - l/(-5). Let o(d) = -d**2. What is o(q)?
-4
Let w be ((-260)/(-468))/(1/(-3)) + 2. Let m(u) be the first derivative of 7/2*u**2 + 4*u + w*u**3 - 7. What is m(-7)?
4
Let j(n) be the third derivative of 1/24*n**4 - 13*n**2 + 0*n**3 + 0*n + 0 - 7/60*n**5. Let s be ((-2)/2)/(0 - 1). Determine j(s).
-6
Let h(u) = -6 + 6*u - 3*u - u**3 + 0*u**3 + u**2 - 3*u**2. Let p(t) = -2*t**2 + 4*t - 7. Let f(z) = -6*h(z) + 5*p(z). Determine f(-1).
-5
Suppose b + y = 0, 6*b = 2*b + y + 10. Let v(n) = b*n + n**2 - 5*n + 2 + n. Suppose -6 = -2*d + 2*t - 10, 2*t - 18 = -5*d. What is v(d)?
2
Let a(d) = -d**3 + 4*d**2 + d + 1. Let n be a(4). Let u(g) be the second derivative of -g**5/20 + g**4/3 + g**3/2 + 2*g**2 + 7418*g. What is u(n)?
-6
Let k(q) be the first derivative of 3*q**2/2 + 8. Let w = 12 + -14. Give k(w).
-6
Suppose -38*q - 110 = 80. Let i(k) = k**2 + 6*k + 7. Calculate i(q).
2
Let h(w) = 2*w - 5. Suppose 3*o + 30 = -5*y, 0 = 4*o + y - 6*y + 5. What is h(o)?
-15
Let k(s) = 2*s - 25. Let c(m) = m - 15. Let y(x) = -5*c(x) + 3*k(x). Let h(u) be the third derivative of -u**4/12 + 5*u**3/6 - u**2. Let o be h(5). Give y(o).
-5
Let s(y) = 2*y + 13. Let q = -1132 + 1125. What is s(q)?
-1
Let s be (-4 - -7) + (2 - 1). Suppose -3*g = -3*z - s*g + 18, 4*z + 5*g = 35. Let p(b) = b**3 - 6*b**2 + 3*b + 4. Determine p(z).
-6
Suppose -7*f + 42 = -0*f. Suppose 10*z - 5*z = 2*t + 6, 0 = -5*t + z + 8. Let c(q) = q**t - q + 0 - 1 - 4*q. What is c(f)?
5
Let b(x) = x**3 + 4*x**2 - 6*x - 1. Suppose -5*m = -2*t - 104, 0 = 4*t - 6*t - 4. Suppose -p - 3*p - m = 0. Give b(p).
4
Suppose -5*o = 2*g - 25, -8 = -3*g + 2*g - o. Let a(s) = 16*s**2 - 36*s - 10. Let m(k) = -3*k**2 + 7*k + 2. Let j(x) = 2*a(x) + 11*m(x). What is j(g)?
2
Let k(a) = 16261 + 5*a - 16261. Calculate k(4).
20
Let z(j) = j**2 + 6*j - 4. Let x = 8 + 11. Suppose -5*a - x = 6. What is z(a)?
-9
Let r = 22 - 21. Let a(c) = 5*c**3 - 4*c**2 + 2*c - 3. Let t(v) = -5*v**3 + 2*v**2 - v + 2. Let s(j) = 2*a(j) + 3*t(j). Determine s(r).
-6
Let m(h) = -h - 1. Suppose 16*w = -46*w - 62. Determine m(w).
0
Let f(n) = -324 + 2*n**2 + 330 - 5*n + 4*n**2. Let o(s) = -5*s**2 + 5*s - 4. Let x(y) = 2*f(y) + 3*o(y). Determine x(4).
-28
Let k(d) = d**3 - 8*d**2 + 7*d + 10. Let q be k(7). Let z = -16 + q. Let r(i) = -i**2 - 6*i + 4. Calculate r(z).
4
Suppose 3*n + 4*o - 26 = 0, 42 + 48 = 5*n - 5*o. Suppose -5*p - 16 = n. Let h(z) = -z**3 - 5*z**2 + 7*z + 4. Give h(p).
-2
Let f be (0 - -1) + -1 - 10. Let c be f/(-6) + (-6)/9. Let a(k) = -7*k + 9. Let x(v) = 3*v - 4. Let i(j) = 4*a(j) + 9*x(j). Give i(c).
-1
Let u(f) be the second derivative of 0 + 1/6*f**3 - 9*f + 4*f**2. Calculate u(-7).
1
Let k(v) = -v**2 + 17*v + 36. Suppose y + 30 = 2*w - y, 4*w = -y + 80. Determine k(w).
-2
Let x be (-1 - -2)/(-1)*3. Let k(t) = t**3 + 5*t**2 + 4*t. Let g be k(x). Let z(v) = 10*v - 1 - 1 - 7*v**2 - 1362*v**3 + 1363*v**3 - 4*v. What is z(g)?
-2
Let l(y) = 7*y**3 + 7*y**2 - 3*y - 30. Let p(s) = s**3 - 1. Let 